ppose c + 2 = -2*b, 0 = b - w*c - 4*c - 17. Let s(g) = 31*g - 2. What are the prime factors of s(b)?
29
Suppose 20*b + 24*b - 50*b = -93504. List the prime factors of b.
2, 487
Suppose -3*j = -4*p - 77 + 14291, 3*p - 2*j - 10661 = 0. List the prime factors of p.
3, 5, 79
Let x = 551 - 550. List the prime factors of (-1 + -5)/x - (-56 + -1783).
3, 13, 47
Let w(a) = 2*a**3 + 7*a**2 + 20*a - 78. What are the prime factors of w(12)?
2, 3, 257
Suppose 28*c = 23*c + 1190. Let t = c - 57. Suppose -5*m - 183 = -5*i - m, -3*m = -5*i + t. What are the prime factors of i?
5, 7
Suppose 111*t - 235082 = -23627. List the prime factors of t.
3, 5, 127
Suppose 2*x + 74 = 3*c, -3*c = 3*x - 144 + 90. Let y be 1 + 2/(-2) + 4. Let z = c - y. List the prime factors of z.
2, 3
Let c(f) = -3 + 1 - 37*f + 3. Suppose 33*a - 54 = 60*a. List the prime factors of c(a).
3, 5
Let v = 4093 + 1447. What are the prime factors of v?
2, 5, 277
Suppose -16*h + 4*h + 348 = 0. Suppose 2*d + 52 + h = 3*s, 3*d + 126 = 3*s. Let t = d - -52. What are the prime factors of t?
7
Let h(q) = -4*q**2 - 69*q - 15. Suppose v - 8 = -v, -3*z - 54 = -3*v. What are the prime factors of h(z)?
167
Suppose -2*s + 4631 = 2*u - 1457, 3*u - 9142 = -s. What are the prime factors of u?
3049
Let p(j) = j**3 + 5*j**2 - 8*j - 10. Let m be p(-6). What are the prime factors of ((-74)/(-4) - m)*(67 - 25)?
3, 7, 11
Let l be ((-78)/(-13))/((-2)/(-5)). Suppose l*i + 133 = 16*i. List the prime factors of i.
7, 19
Let k be (0 + -19)*(-29 - 2). Suppose 6253 = 6*h + k. List the prime factors of h.
2, 59
Suppose 129*b = -t + 124*b + 7023, 5*b = t - 6993. List the prime factors of t.
2, 3, 73
Let c(v) = -v**3 + 5*v**2 + 2*v - 20. Let m be c(4). Suppose 5*u = 4*p - 1375, -p + 344 = -5*u + m*u. What are the prime factors of p?
3, 5, 23
Let t be (-1332 - 2) + -3 + (-12)/4. Let u = 2313 + t. What are the prime factors of u?
7, 139
Let v(n) = n**2 + n + 2. Let y be v(-3). Let m(p) = 8*p**2 - 17*p + 66. List the prime factors of m(y).
2, 13, 17
Let r(l) = l**3 + 7*l**2 - 16*l - 12. Let w be -4 + (4 - 2) - -2. Let i(n) = -n**2 - n - 6. Let a be i(w). What are the prime factors of r(a)?
2, 3, 5
Let g be ((-7410)/(-40))/((-3)/(-8)) - -4. Let a = -332 + g. What are the prime factors of a?
2, 83
Let p(r) = -r**3 + 12*r**2 - 11*r + 4. Let w be p(11). Suppose -4*q + 3*x + 2334 = 0, -2318 = -8*q + w*q - 5*x. List the prime factors of q.
2, 3, 97
What are the prime factors of 138503/10 + 942/(-3140)?
2, 5, 277
Suppose -3*z = -10*z + 70. Suppose -5*v - 5*g = -z, v - g - 10 = 2*g. Suppose 5*l - 4*t - 983 = 0, 0 = -7*l + v*l - 4*t + 609. List the prime factors of l.
199
Suppose -24*k + 28*k = 20. Suppose k*c - 127 - 573 = 0. Let d = -93 + c. List the prime factors of d.
47
Let a(y) = -77*y + 306. What are the prime factors of a(3)?
3, 5
Let x(s) = 2*s**3 + 23*s**2 + 9*s + 27. Let r be x(-11). Let y = 477 - r. List the prime factors of y.
2, 107
Suppose -f + c + 781 = -2384, -4*f - 2*c + 12666 = 0. What are the prime factors of f?
2, 1583
Let k(z) = -308*z**3 + 3*z**2 - 7*z - 15. What are the prime factors of k(-3)?
3, 11, 23
Suppose 5*z = -2*f - f + 64, 0 = -4*f - 4*z + 80. What are the prime factors of (-22)/(-8)*f*(2 + 4)?
3, 11
Let d(a) = 3*a**2 - 62*a + 16. Let l be d(21). Let o = 48 - l. Let c(n) = 5*n + 10. List the prime factors of c(o).
5, 13
Let t(k) = -2*k**3 - 9*k**2 + 9*k + 1. Let o(g) = -g**3 + 16*g**2 - g + 9. Let h be o(16). Let j be t(h). Let c = j + -98. List the prime factors of c.
5, 17
Suppose -5 = 5*z, 0 = p - 11*z + 6*z - 3766. What are the prime factors of p?
3761
What are the prime factors of 1 - (2 + 8/(-10) - 32824/20)?
3, 547
Let z(g) = -26*g**3 + 3*g**2 - 77*g + 57. What are the prime factors of z(-8)?
14177
Let k be (9 + 189/(-36))*16/6. Suppose -k = -0*j + 5*j, l = j + 627. List the prime factors of l.
5
Let y(m) = 7*m**3 + 45*m**2 - 122*m + 52. Let p(l) = -38*l**3 - 225*l**2 + 612*l - 260. Let x(w) = 2*p(w) + 11*y(w). List the prime factors of x(-47).
2, 5, 59
Let v(s) = 50*s + 1758. What are the prime factors of v(-3)?
2, 3, 67
Let c(u) = u + 9. Let a be c(-5). Let j be (-6)/24 - (-1)/a. Suppose l + l - 2*w = 178, w + 5 = j. List the prime factors of l.
2, 3, 7
Let y(j) = 28*j**2 + 61*j + 640. What are the prime factors of y(-13)?
19, 241
Suppose -5*m + 15 = 0, -4*j + 1692 - 37 = m. Let b = j - 112. What are the prime factors of b?
7, 43
Let r(p) = 2*p + 44. Let g be r(-21). Let i be (-75)/40 + g/(-16). What are the prime factors of (5/(-2))/(15/i + 7)?
5
Suppose 3*p + 570 = 5*a, p + 4*a = -3*p - 728. Let i = p - -199. List the prime factors of i.
2, 7
What are the prime factors of 35/((-910)/(-104)) - -57372?
2, 11, 163
Let y = -244 - -551. Suppose -i + v = -294, 581 + y = 3*i + 3*v. What are the prime factors of i?
5, 59
Let w be (59 - -88)*7/(-3). List the prime factors of 6*(-4 - w/14).
3, 41
Let n(d) = 7*d**2 + 5*d + 5. Suppose -18 = 17*r - 23*r. List the prime factors of n(r).
83
Suppose 8 = t + 5*b, -7 = -2*t - 2*t + 5*b. Suppose -233 = -t*g + 646. Suppose 8*h - g = -21. List the prime factors of h.
2, 17
Let p = 144 + -144. Suppose -15*b + 5375 + 4360 = p. Suppose -7*t + 3*t - x + 651 = 0, 3*x - b = -4*t. What are the prime factors of t?
163
Let t be (7 - 8)/((5/29)/(-5)). Let b(p) = p**2 - 25*p + 145. List the prime factors of b(t).
3, 29
Let u = 159 + -157. Suppose 3*r - 1648 = 2*s - 6*s, 4*r = -u*s + 814. What are the prime factors of s?
5, 83
Suppose r = 2*o + 18, -3*r = o + 4*o + 1. Let s be ((-13)/13)/(-2 - (-14)/r). Suppose -s*l + 3*l = -88. What are the prime factors of l?
2, 11
Let c(g) = 4*g + 21. Let w be c(-6). What are the prime factors of w/1*1400/(-24)?
5, 7
Suppose -33700 = -3074*w + 3070*w. What are the prime factors of w?
5, 337
Suppose 19*t - 40 = 29*t. List the prime factors of t/6 - (-3399)/9.
13, 29
Suppose 0 = -n - 0*m + 3*m + 26, -n + m = -18. Let z = -11 + n. Suppose -87 = -5*o - 2*t - 12, -2*o + 49 = -z*t. What are the prime factors of o?
17
Let u(y) be the first derivative of -43*y**2/2 - 55*y + 82. What are the prime factors of u(-11)?
2, 11, 19
Let q(j) be the second derivative of 0 + 7/6*j**4 + 3*j**2 - 7*j + j**3. List the prime factors of q(-4).
2, 103
Suppose -18*q + 9*q + 27 = 0. Suppose 0 = 4*j - 2*g - 500, -2*j - q*g - g = -250. What are the prime factors of j?
5
Suppose 18*c - 16*c = 2, 2*c = -4*m + 104402. What are the prime factors of m?
2, 3, 5, 29
What are the prime factors of -4 - 1 - (-8 - -10) - -76827?
2, 5, 23, 167
Let m(f) = f**3 + 10*f**2 - 9*f + 16. Let o be m(-11). Let g(y) = -60*y - 62. What are the prime factors of g(o)?
2, 149
Let v(g) = -g**3 + 17*g**2 - 18*g - 5. Let s be v(13). Let f = s - 306. What are the prime factors of f?
131
Suppose 3*n = -4*a + 4 + 18, 0 = n + a - 6. Suppose 0 = n*f + u - 1224, -3*u = 18*f - 13*f - 3062. List the prime factors of f.
2, 5, 61
Let m be (23 - 1)/(-5 + 22/4). Suppose 5*p = 4*q - 79, 2*q = -3*p + q - m. Let h(f) = -7*f - 3. List the prime factors of h(p).
2, 3, 17
Suppose -6 = -p, -z - 23*p + 26*p + 40021 = 0. List the prime factors of z.
40039
Let n(c) = -1313*c**2 - 56*c + 57. Let a be n(1). Let l = a + 2359. List the prime factors of l.
3, 349
Suppose s = b, -9*s = -4*s + 2*b - 21. Suppose j + 4*m = s*j - 2446, j - 3*m = 1221. List the prime factors of j.
3, 409
Suppose -7*n - 8125 = -33304. List the prime factors of n.
3, 11, 109
Let z(y) = 84*y + 29. Let j(h) = -17*h - 6. Let p(f) = 11*j(f) + 2*z(f). Suppose 0*q = -2*q - 2. What are the prime factors of p(q)?
11
Suppose 2*c = -0*c - 220. Let r = 212 + c. Suppose 5*a = -4*z + 352 + 111, r = z + 4*a. What are the prime factors of z?
2, 61
Let l(k) = -231*k - 376. What are the prime factors of l(-4)?
2, 137
Let l(p) = 45*p**2 - 24*p + 78. Suppose -2*m + 3 = 7*f - 8*f, -f + 3*m = 6. List the prime factors of l(f).
3, 137
Suppose -84936 = -4*w + 2*v - 32576, -2*w - 2*v = -26198. List the prime factors of w.
13093
Let a(l) = -7697*l - 840. List the prime factors of a(-3).
3, 7417
Let k be (-5 - -6 - 2)/(1/(-6)). Let w(f) = 2*f**2 + 17*f - 18. List the prime factors of w(k).
2, 3, 13
List the prime factors of (-6)/(-4)*(30108/9 - (-8)/(-2)).
2, 7, 179
Let o be -1 + -51 + -3 + 8 + -4. Let d = -46 - o. Suppose d*v + 20 = 0, v - 200 = -3*i - 0*v. What are t